 = -i. Let u(d) = d**2 + 10*d + 5. Let k be u(-8). Let t = i + k. What is the units digit of t?
0
Let y(l) = l**3 - 13*l**2 - 5*l + 12. What is the hundreds digit of y(14)?
1
Suppose 12 = -3*g - 0. Let v = g + 4. Let p = v + 16. What is the units digit of p?
6
Suppose -5*n + 469 + 231 = 0. Suppose r - 5*r + n = 0. Suppose 8*b - 3*b - r = 0. What is the units digit of b?
7
Suppose 5*p + y + 4 = -y, 5*y = 5*p - 10. Suppose p*h + 3*h - 27 = 0. What is the units digit of h?
9
Suppose 4*q = 8*q + 20. Let w = -18 - -18. Let h = w - q. What is the units digit of h?
5
Let r(j) be the second derivative of -j**4/12 - j**3 + 5*j**2 - j. Let y(b) = -2*b + 3. Let n be y(5). What is the units digit of r(n)?
3
Suppose 9*z - 2*q = 4*z + 465, 2*z - 186 = q. What is the units digit of z?
3
Suppose 3*r = -r + 656. What is the tens digit of -5*r/(-20)*1?
4
Let g = 44 + -8. Suppose c + 2*c - g = 0. What is the units digit of c?
2
Suppose -3*w + 234 = 5*n, -2*n + 0*n - 5*w + 86 = 0. What is the tens digit of n?
4
Let w(x) = -14*x + 36. Suppose -2*s = 0, -5*v + 10*s + 30 = 5*s. Let d(q) = 5*q - 12. Let l(a) = v*w(a) + 17*d(a). What is the units digit of l(-10)?
2
Suppose 4*f + 4*y - 12 = 0, 5*f - 3*y = -0*y - 9. Let b = f + 1. What is the units digit of b?
1
Suppose -3*m - 2*m = 4*s - 109, 0 = 5*m + 15. What is the units digit of s?
1
Let z = -23 + 18. Let a(q) = 5*q + 6. Let m(k) = -6*k - 6. Let h(y) = -4*a(y) - 3*m(y). What is the units digit of h(z)?
4
Suppose 3*l - 97 = 134. What is the units digit of l?
7
Let f(o) = -o**2 - 4*o + 13. Let r be f(-6). Let p = r + 1. What is the units digit of p?
2
Suppose -u + 185 = 2*g - 2*u, 363 = 4*g + 5*u. What is the units digit of g?
2
Suppose 0 = a - 3*a + p + 16, 3*a = 2*p + 24. What is the units digit of a?
8
Let d(y) = y**2 + 2*y + 1. Let j(q) = -2*q**2. Let n be j(-1). Let s be d(n). Suppose -c + 9 = -s. What is the units digit of c?
0
Suppose 4*t = -16, 2*s + 2*t - 460 = -2*s. What is the hundreds digit of s?
1
What is the units digit of (-1 + -3)/(1/(-1))?
4
Suppose -2 = -3*k + 4. Suppose 2*t - k = t. Suppose 1 = -t*z + 9. What is the units digit of z?
4
Suppose -29*x + 23*x + 1836 = 0. What is the tens digit of x?
0
Suppose -3*l + 5*u = -119, -l + u - 5*u = -68. Let f be ((-10)/(-15))/(1/l). Suppose -f + 2 = -2*i. What is the units digit of i?
5
Suppose a = 5*v + 7, -2*v + 0*v - 2*a = -2. What is the units digit of v/4 - (-21)/4?
5
Let s = 10 - 5. Suppose -3*l - 47 = -s*l - 5*f, 5*l + f - 60 = 0. What is the units digit of l?
1
Suppose 0 = -5*p - 5, g - 4 - 6 = 5*p. What is the units digit of g?
5
Let x(b) be the first derivative of b**2 - 1/4*b**4 + 2/3*b**3 + 2 + 4*b. What is the units digit of x(3)?
1
Let w(n) = -n**3 + 3*n**2 + 2*n - 4. Let l be w(3). Suppose 0*o + l*o - 106 = 0. What is the tens digit of o?
5
Let y(v) be the first derivative of 1 + 1/4*v**4 + 2*v**3 + v**2 - v. What is the units digit of y(-5)?
4
Suppose -w = -3*w - 62. Let l = -61 - w. What is the units digit of -10*3/l*4?
4
Suppose 2*y - 2*d = 3*d + 28, 3*y + 3*d = 0. Suppose -3*b = y - 10. What is the units digit of b?
2
Let k be (-1)/4 + (-3)/(-12). Suppose -2*j + j - 1 = k. Let i = 5 - j. What is the units digit of i?
6
Let d(c) = c**3 + 13*c**2 + c + 19. Suppose 3*v = -4*n - 67, 0*v + 31 = -2*n - v. What is the units digit of d(n)?
6
Let p(k) = k + 3. Let n be (-4)/(-10) - (-27)/(-5). Let v = n + 8. What is the units digit of p(v)?
6
Suppose 0 = -4*u + 2*u - 4. Let w be (12/16)/(u/(-8)). Suppose -p + 4 = -w*b, -3*b = -p + 2*b + 6. What is the units digit of p?
1
Suppose 52 = 4*l - 60. Let i = 47 - l. What is the units digit of i?
9
Let c = 54 - 33. What is the tens digit of c?
2
Suppose -4*z = -z - 15. Suppose -z*q + 14 = -1. Suppose 13 - 4 = q*d. What is the units digit of d?
3
Let s(t) = -15*t + 27. What is the tens digit of s(-9)?
6
Let o(q) be the second derivative of 1/12*q**4 + 3/2*q**2 - q + 0 + 1/6*q**3. What is the units digit of o(-4)?
5
Let a = 19 + -16. Suppose -a*o = -2*i + 9, 5*i - i - o = 43. What is the units digit of i?
2
Suppose h = 3*h - 10. Suppose -h*w = -19 - 31. What is the tens digit of w?
1
Let j(m) = 6*m**2 + 7*m - 10. What is the tens digit of j(-7)?
3
Suppose -4*w + 28 = -196. What is the tens digit of w?
5
Let k(x) be the third derivative of 2*x**2 + 0 + 0*x + 1/30*x**5 + 0*x**3 + 1/8*x**4. What is the units digit of k(-2)?
2
Let h be 56/12 + (-2)/3. Suppose v - h*f - 5 = 0, 2*v - 5*f = 16 - 0. What is the tens digit of v?
1
Let a(y) = 3*y**2 - 9*y + 6. Let v(c) = 8*c**2 - 26*c + 18. Let q(l) = 11*a(l) - 4*v(l). Let t be q(-5). What is the units digit of (-56)/t + 2/(-6)?
9
Let v(a) = -a**2 + 5*a - 2. Let s be v(4). Suppose -3*g + 14 = m, 5*g - 23 = -0*m - s*m. Suppose 0 = -10*d + g*d + 25. What is the units digit of d?
5
Let z(p) = -13*p + 1. Let u be z(1). Let c = -22 - u. Let j = c - -13. What is the units digit of j?
3
Let l = -8 - -13. Suppose l*a + 3*h - 25 = 0, a + h = -2*a + 15. Suppose 2*f - 2*x - 12 = 0, -5*f - x + 37 = -a. What is the units digit of f?
8
Let y(t) = 2*t**2 - t - 2. Let z be y(2). Let s be 22 + z/2 - -2. Suppose -4*i - 2*f + s = 0, -6 = 3*f - f. What is the units digit of i?
8
Suppose 4*c = 337 - 145. What is the tens digit of c?
4
Suppose u - 3*n - 375 = 0, -4*n - 455 = -2*u + 293. What is the tens digit of u?
7
Suppose 22 = -4*k + 2*d, -d + 19 = -4*k + 4*d. What is the tens digit of ((-15)/k)/(-5)*-20?
1
Let w = 74 - 10. What is the units digit of w?
4
Let r(x) = x**3 - 15*x**2 - 15*x - 11. What is the units digit of r(16)?
5
Suppose 9*p - 10*p + 5 = 0. Suppose 76 = 2*v - 3*n, -3*v + p*n = -17 - 99. What is the tens digit of v?
3
Let h(n) = 4*n**2 - n + 1. Let o be h(1). Suppose 5*t - o = 16. Suppose -4*z + t*s + 45 = z, -5*z + 45 = 4*s. What is the units digit of z?
9
Let r be (9 - 0)*3/(-9). What is the units digit of (0 - r)/((-15)/(-20))?
4
Suppose 39 = 4*s - 1. What is the tens digit of s?
1
Suppose -3*h = -68 - 7. Suppose 0 = -6*u + u + h. What is the units digit of u?
5
Suppose -k - 2*k = -12, 5*q - 5*k = 425. Let u = q - 61. What is the tens digit of u?
2
Suppose 5*i - 200 = i. Suppose 0 = -4*s + 6 - i. Let k = s - -20. What is the units digit of k?
9
Let f = 290 - 170. What is the hundreds digit of f?
1
Let d = -183 - -373. What is the units digit of d?
0
Suppose 0 = -2*k - 2*g + 288, -5*k + 3*g + 752 = -0*g. What is the hundreds digit of k?
1
Let b(f) = f**2 + f + 3. Let r be b(-4). Suppose -2*k - r = 5*p, 0*p = -5*k + 4*p + 12. What is the units digit of k - 1 - -3 - -10?
2
Let c(d) = d**3 + 5*d**2 - d. Let x be c(-5). Suppose 7*l - 6 = x*l. What is the units digit of l?
3
Let i = -5 + 13. What is the tens digit of (-68)/i*-4 + 3?
3
Let m(d) = -d**2 - d + 2. Let n be m(2). Let p = n - -4. Suppose 0 = -p*h + 3*h + y - 31, -4*y = h - 25. What is the units digit of h?
9
Suppose 107 = 5*j - 133. Let a = j + -21. Let n = a - 11. What is the units digit of n?
6
Let a(h) = -h**2 - 4*h. Let b be a(-4). Suppose 5*q - 75 = 5*x, q + 4*x + 10 = -b*x. Suppose -4*s = -3*s - q. What is the tens digit of s?
1
Let s = -8 + 8. Suppose w - z - 5 - 42 = 0, -5*w - 2*z + 235 = s. What is the tens digit of w?
4
Suppose 2*x = 4*h - 174, 50 = -x - 5*h - 2. Let g = -47 - x. What is the tens digit of g?
3
Suppose 3*f = 3*a - 3, 0 = -0*f + 2*f - 5*a - 1. Let l = 0 - f. What is the units digit of l?
2
Let t(i) = i**2 - i. Let v be t(0). Suppose -57 = 3*j - 4*h, 0 = j - v*h - 3*h + 24. What is the units digit of 27/5 + 6/j?
5
Let n = 1 + -4. Let s = 3 + n. Suppose s = -o + 3 + 6. What is the units digit of o?
9
Let m be 27/(-18)*(-8)/3. What is the tens digit of ((-6)/m)/(2/(-20))?
1
Let o be -1*(9/3)/1. Let x = 5 + o. What is the units digit of x?
2
Let i(j) be the first derivative of j**3/3 - 5*j**2/2 - 5*j + 1. What is the units digit of i(6)?
1
Let u = -25 + 13. Let o be (-1 + 1/2)*-2. Let n = o - u. What is the units digit of n?
3
Suppose -3*f = -0*f - 21. Let t = f - 4. What is the units digit of t?
3
Let h = -170 + 315. What is the tens digit of h?
4
Let p(t) = -2 - 4*t - 2 - 1 - 2. What is the units digit of p(-5)?
3
Suppose -3*s - 5*f + 11 = -15, 3*f = -3*s + 18. Suppose -3*o = s*o. Suppose 4*m + 2*i - 66 = o, -33 = -2*m + 2*i - 9. What is the units digit of m?
5
Let k = 4 + -2. Let g = 